s 64 a factor of 238528?
True
Does 35 divide 1136345?
True
Is 214871 a multiple of 5?
False
Is 2453164 a multiple of 14?
True
Does 198 divide 5594886?
True
Is 441803 a multiple of 75?
False
Is 1650570 a multiple of 5?
True
Does 5 divide 1292908?
False
Is 11640945 a multiple of 1875?
False
Does 35 divide 80291?
False
Is 417107 a multiple of 551?
True
Is 75 a factor of 87978?
False
Does 5 divide 552190?
True
Does 58 divide 507827?
False
Does 4 divide 168268?
True
Does 178 divide 2889578?
False
Does 59 divide 72984?
False
Is 19 a factor of 89460?
False
Is 35 a factor of 1927730?
True
Is 95285 a multiple of 19?
True
Does 29 divide 106682?
False
Is 1148553 a multiple of 7?
True
Does 5 divide 43130?
True
Is 1427460 a multiple of 111?
True
Does 24 divide 249974?
False
Is 523009 a multiple of 61?
False
Is 335552 a multiple of 50?
False
Does 16 divide 48271?
False
Does 6 divide 6869209?
False
Is 496539 a multiple of 573?
False
Is 196 a factor of 461569?
False
Does 25 divide 311551?
False
Is 24608 a multiple of 16?
True
Is 142 a factor of 106647?
False
Does 130 divide 632840?
True
Is 23 a factor of 39353?
True
Is 41808 a multiple of 52?
True
Is 1426901 a multiple of 436?
False
Is 369338 a multiple of 22?
False
Is 1020383 a multiple of 1157?
False
Is 521906 a multiple of 6?
False
Is 1023 a factor of 1924263?
True
Is 10806147 a multiple of 1089?
True
Is 36 a factor of 1028016?
True
Is 56 a factor of 52710?
False
Does 80 divide 72940?
False
Is 93 a factor of 1709340?
True
Is 7117245 a multiple of 36?
False
Is 380086 a multiple of 238?
True
Does 33 divide 179256?
True
Is 213862 a multiple of 10?
False
Is 46 a factor of 2932960?
True
Does 69 divide 636732?
True
Is 2526 a multiple of 2?
True
Is 173993 a multiple of 14?
False
Is 42 a factor of 122757?
False
Is 264 a factor of 290039?
False
Does 29 divide 38541?
True
Is 64 a factor of 252928?
True
Is 4948 a multiple of 4?
True
Is 273780 a multiple of 270?
True
Is 244 a factor of 258640?
True
Is 669751 a multiple of 3?
False
Does 5 divide 148630?
True
Does 258 divide 253301?
False
Does 14 divide 792162?
True
Is 32 a factor of 35909?
False
Does 848 divide 4412144?
True
Is 6 a factor of 749662?
False
Does 23 divide 4650599?
False
Is 171 a factor of 3976245?
False
Is 44040 a multiple of 20?
True
Is 358 a factor of 14036?
False
Is 261 a factor of 885573?
True
Does 6 divide 100638?
True
Does 363 divide 1404751?
False
Is 19 a factor of 30761?
True
Is 13 a factor of 90976?
False
Is 389 a factor of 418564?
True
Is 12 a factor of 11519?
False
Is 14466 a multiple of 6?
True
Is 1326248 a multiple of 616?
True
Does 945 divide 2626155?
True
Is 106 a factor of 883722?
True
Is 282 a factor of 8053071?
False
Is 50 a factor of 2256250?
True
Is 407 a factor of 740887?
False
Is 689979 a multiple of 164?
False
Does 103 divide 173658?
True
Is 100 a factor of 2216600?
True
Is 943 a factor of 4009636?
True
Is 92618 a multiple of 30?
False
Is 2 a factor of 2463303?
False
Is 18869760 a multiple of 455?
True
Does 38 divide 366116?
False
Is 1600 a factor of 10745600?
True
Is 31753 a multiple of 41?
False
Is 420 a factor of 317407?
False
Is 215 a factor of 4035982?
False
Is 5968079 a multiple of 167?
True
Is 430108 a multiple of 4?
True
Is 472 a factor of 1186333?
False
Is 148396 a multiple of 23?
True
Does 114 divide 4324574?
False
Is 88 a factor of 138248?
True
Is 155411 a multiple of 13?
False
Is 1227170 a multiple of 235?
True
Is 797446 a multiple of 12?
False
Is 433041 a multiple of 357?
True
Is 22740546 a multiple of 103?
True
Is 377 a factor of 4649918?
True
Does 172 divide 410064?
False
Does 75 divide 8409208?
False
Is 52 a factor of 405288?
True
Is 184144 a multiple of 272?
True
Is 188103 a multiple of 59?
False
Does 23 divide 3095290?
False
Is 741 a factor of 7292922?
True
Does 144 divide 165025?
False
Is 66 a factor of 2982804?
True
Is 1192485 even?
False
Is 14637183 a multiple of 33?
True
Is 15 a factor of 566095?
False
Is 486275 a multiple of 20?
False
Is 126076 a multiple of 30?
False
Is 18 a factor of 503532?
True
Does 36 divide 23413927?
False
Does 11 divide 480733?
True
Is 121885 a multiple of 99?
False
Does 79 divide 684298?
True
Is 42855 a multiple of 67?
False
Does 246 divide 2190521?
False
Does 303 divide 79120?
False
Does 93 divide 281697?
True
Is 48 a factor of 39878?
False
Does 58 divide 4260110?
False
Is 97 a factor of 331837?
True
Is 21 a factor of 2692368?
True
Does 302 divide 8675252?
True
Is 86344 a multiple of 135?
False
Is 189491 a multiple of 154?
False
Is 56547 a multiple of 183?
True
Does 93 divide 295368?
True
Does 54 divide 29655396?
True
Does 2843 divide 7810073?
False
Is 270 a factor of 318312?
False
Is 4 a factor of 18468?
True
Does 116 divide 2702554?
False
Is 144 a factor of 632160?
True
Does 18 divide 3876?
False
Is 46 a factor of 3232604?
True
Is 78 a factor of 1614678?
True
Is 879565 a multiple of 134?
False
Does 102 divide 196062?
False
Is 3496392 a multiple of 54?
True
Does 85 divide 116820?
False
Is 251 a factor of 611436?
True
Does 108 divide 312499?
False
Is 84374 a multiple of 14?
False
Is 150219 a multiple of 38?
False
Is 4506579 a multiple of 11?
True
Is 4 a factor of 28112?
True
Is 27 a factor of 274520?
False
Does 27 divide 5291929?
False
Does 281 divide 783117?
False
Does 37 divide 116809?
True
Does 7 divide 110152?
True
Is 7027524 a multiple of 237?
True
Is 1078464 a multiple of 96?
True
Is 18 a factor of 8570376?
True
Is 213624 a multiple of 72?
True
Does 17 divide 270810?
True
Is 21 a factor of 9383?
False
Is 47887 a multiple of 19?
False
Is 444915 a multiple of 9?
True
Does 15 divide 604632?
False
Is 9 a factor of 3618622?
False
Is 367876 a multiple of 5?
False
Is 14 a factor of 2597560?
True
Is 643779 a multiple of 699?
True
Is 58 a factor of 7449462?
True
Is 1134 a factor of 244424?
False
Is 2915848 a multiple of 424?
True
Is 28 a factor of 479359?
False
Is 914907 a multiple of 37?
False
Is 61 a factor of 647082?
False
Is 5137160 a multiple of 14?
True
Is 453 a factor of 8055815?
False
Does 7 divide 7015008?
True
Is 166 a factor of 375326?
True
Is 14431167 a multiple of 210?
False
Is 3258752 a multiple of 7?
True
Is 986 a factor of 1213766?
True
Does 4 divide 4764048?
True
Does 54 divide 35586?
True
Is 48 a factor of 168602?
False
Is 115799 a multiple of 43?
True
Is 355 a factor of 51414?
False
Is 39 a factor of 5236001?
False
Does 60 divide 426434?
False
Is 238419 a multiple of 26?
False
Does 113 divide 169274?
True
Is 2546637 a multiple of 20?
False
Does 10 divide 3801490?
True
Does 20 divide 109479?
False
Is 2410764 a multiple of 546?
False
Is 38 a factor of 1884724?
True
Is 50 a factor of 320500?
True
Is 55 a factor of 537625?
True
Does 28 divide 3216024?
True
Does 16 divide 548071?
False
Does 2 divide 212025?
False
Does 186 divide 219333?
False
Is 1035960 a multiple of 10?
True
Is 857525 a multiple of 5?
True
Is 850901 a multiple of 55?
False
Is 65 a factor of 1734782?
False
Is 26 a factor of 334610?
False
Is 72695 a multiple of 243?
False
Is 265967 a multiple of 79?
False
Does 3 divide 94053?
True
Is 1022 a factor of 9982896?
True
Does 741 divide 775827?
True
Is 40014 a multiple of 78?
True
Does 13 divide 99216?
True
Is 2437482 a multiple of 445?
False
Is 2468280 a multiple of 614?
True
Does 11 divide 3355241?
False
Is 4301069 a multiple of 23?
True
Does 32 divide 9251?
False
Is 113240 a multiple of 152?
True
Does 10 divide 1089890?
True
Is 1000350 a multiple of 225?
True
Is 3757710 a multiple of 19?
False
Does 56 divide 923384?
True
Does 215 divide 226064?
False
Is 78117 a multiple of 13?
True
Is 24 a factor of 839399?
False
Does 11 divide 238909?
True
Is 1797651 a multiple of 379?
False
Is 34 a factor of 1072780?
False
Is 39 a factor of 360853?
False
Is 1072699 a multiple of 57?
False
Does 46 divide 83030?
True
Does 121 divide 620851?
True
Is 1132 a factor of 3478497?
False
Does 283 divide 1353564?
False
Is 311 a factor of 97965?
True
Is 534855 a multiple of 13?
False
Is 7454 a multiple of 153?
False
Is 597 a factor of 4442609?
False
Does 154 divide 269991?
False
Is 42 a factor of 263102?
False
Is 838800 a multiple of 8?
True
Does 82 divide 5899900?
True
Is 1131726 a multiple of 52?
False
Is 60 a factor of 25560?
True
Is 92 a factor of 363242?
False
Does 10 divide 19